 - k. Let y(l) = 3*l**2 + l. Calculate the remainder when y(d) is divided by 16.
14
Suppose a = 26 - 13. Suppose m - 3*d - 43 = -3*m, 0 = -m - 3*d - 8. Calculate the remainder when a is divided by m.
6
Let b be 65/(-7) - (-6)/21. Let c be (122/3)/((-6)/b). Suppose 3*t + r - 37 = 0, 4*t - 2*r = -r + c. Calculate the remainder when t is divided by 5.
4
Let r(f) be the first derivative of f**3/3 + 8*f + 3. Calculate the remainder when 31 is divided by r(0).
7
Let z = 4 - 2. Suppose l - 1 = z. Calculate the remainder when l is divided by 2.
1
Let s(a) = a. What is the remainder when 64/4 + -2 + -3 is divided by s(3)?
2
Suppose 0 = -0*q - 5*q + 10. What is the remainder when 7 is divided by (-1 - -2) + 2/q?
1
Let y be 8*1 + -1 + 2. Let w(q) = -q + 1. Let c be w(-12). Let g = y + c. Calculate the remainder when g is divided by 8.
6
Let a(f) = -2*f + 2. Calculate the remainder when (-30)/10 - (-59 - -1) is divided by a(-6).
13
Let v(j) = -9*j - 4. What is the remainder when 19 is divided by v(-1)?
4
Suppose 72 = 6*k - 2*k. Calculate the remainder when 51 is divided by k.
15
Let r(j) = -j**3 + 6*j**2 + 7*j - 5. Let l be r(7). Let d(h) = -h + 2. Calculate the remainder when 4/(-10) + (-124)/(-10) is divided by d(l).
5
Suppose 2*l - 19 = 87. Suppose 13 = -5*q + l. Suppose -c + q = c. Calculate the remainder when 7 is divided by c.
3
Let w = -68 + 72. Suppose 0 = 4*o - 3*o - 11. What is the remainder when o is divided by w?
3
Let w = 7 + 1. What is the remainder when w is divided by 3?
2
Let m = 77 - 73. Let j(y) = y**2 - 4*y + 1. Calculate the remainder when j(6) is divided by m.
1
Suppose -3*x = 7 + 14. Let d be x/((-14)/(-4))*-1. Suppose d*g = -2*g + 60. Calculate the remainder when 43 is divided by g.
13
Calculate the remainder when 45 is divided by 16 + (-8)/(-4)*-2.
9
Let a(i) = 3*i**3 - 2*i**2 - i + 2. Let y = -8 + 5. Let b(m) = -m**2 - 3*m + 2. Let p be b(y). What is the remainder when a(p) is divided by 6?
4
Suppose 3*u + 4*m = -2*u + 143, -2*u + 4*m = -46. What is the remainder when 52 is divided by u?
25
Let n(u) = 2*u - 5. Let a be n(13). Let g = -11 + a. What is the remainder when 17 is divided by g?
7
Let l be (-2 - 2/(-1))*1. Let r(q) be the first derivative of -q**2/2 + 14*q + 2. What is the remainder when 26 is divided by r(l)?
12
Suppose -z - z = -48. Let t(m) = -m**2 - 3*m - 5. Let d be t(-4). What is the remainder when z is divided by 0*3/d + 13?
11
Suppose 0 = -3*h - 25 - 20. Let m = 1 - h. Suppose -3*f + 70 = -4*y, -m = -3*f - 3*y + 68. Calculate the remainder when f is divided by 14.
12
Suppose v + 9 = -26. Let m = v - -54. Calculate the remainder when m is divided by 10.
9
Suppose 25 = -3*u + 8*u, 5*p - 2*u - 40 = 0. Let o(n) = 2*n**2 - 1. Let r be o(3). Let t = r - p. What is the remainder when 12 is divided by t?
5
Calculate the remainder when 86 is divided by -3*(-6)/63 + (-498)/(-21).
14
Suppose 7*s - 4*s - 6 = 0. Suppose s*r - 6 = -5*g, r + 2*g = -0*r + 4. Calculate the remainder when r is divided by 5.
3
Suppose i - 3*i = 6, 0 = -2*t - 3*i + 1. Let b(n) = -n**3 - 5 - 4*n + 3 + 6*n**2 + 0*n**3. What is the remainder when t is divided by b(5)?
2
Suppose -5*w = 12 - 547. What is the remainder when w is divided by 38?
31
Suppose z - 68 = -5*s + 2*z, 32 = 2*s - 2*z. Calculate the remainder when 24 is divided by s.
11
Let y = 76 + -72. What is the remainder when 23 is divided by y?
3
Suppose 5*a + 3*s = a + 11, a - s - 1 = 0. Calculate the remainder when 56 is divided by a - (-25 + (-2 - 0)).
27
Suppose 4*m = -3*a - 22, a + 4 = -2*m - 4. Let q be (1 + 23)*(-3)/a. Suppose -5*p - q = -57. What is the remainder when 33 is divided by p?
6
Let y(l) = l + 31. What is the remainder when 96 is divided by y(-11)?
16
Calculate the remainder when 29*(-1)/(3 + -4) is divided by 2 - ((1 - 3) + -4).
5
Suppose 4*k - 21 = 7. Let x = 2 + 0. Calculate the remainder when k is divided by x.
1
What is the remainder when 28 is divided by (120/84)/((-2)/(-14))?
8
Suppose -40 = -4*z - 0*z. Let i(m) = -13*m - 27. What is the remainder when i(-5) is divided by z?
8
Suppose 3*u + u - 72 = 0. Calculate the remainder when 33 is divided by u.
15
Suppose 2*a + 3*a = 180. Let d = -21 + a. Let i = 100 + -57. What is the remainder when i is divided by d?
13
Suppose b - 163 = 4*j - 22, -2*b + 3*j + 307 = 0. Let v = -108 + b. What is the remainder when v is divided by 14?
11
Let s(k) = -k**3 - 7*k**2 - 9*k - 18. What is the remainder when s(-7) is divided by 21?
3
Let b(k) = k**3 - 2*k**2 - 4*k - 16. Calculate the remainder when b(5) is divided by 15.
9
Let i(x) = -x**3 + 7*x**2 - 7*x + 14. What is the remainder when 143 is divided by i(5)?
27
Suppose -2*p = -3*z + z + 4, -5*p + 26 = 4*z. Let q be ((-3)/(-6))/((-2)/(-8)). Suppose 5 = -q*w + 13. What is the remainder when w is divided by p?
0
Let u = 7 - 3. Suppose 3*w - 5*f = -4, 0 = 4*w + u*f - f - 43. Let y(p) = -3*p - 3. What is the remainder when y(-5) is divided by w?
5
Let b = 26 - -65. Let n(y) = 22*y**2 + 2*y - 1. What is the remainder when b is divided by n(1)?
22
Let g(d) = d**3 - 7*d**2 - 6*d + 4. What is the remainder when 66 is divided by g(8)?
6
Let d(w) = w**3 + 5*w**2 + 4*w + 2. What is the remainder when 13 is divided by d(-3)?
5
Let l(m) = -m**2 + 8*m - 8. Suppose v + 2 = 4. Let t(i) = 4*i - 1. What is the remainder when t(v) is divided by l(6)?
3
Let v(q) = q**2 + 27*q + 65. What is the remainder when v(-26) is divided by 14?
11
Suppose -3*n - 2*b - 2*b + 56 = 0, -3*n + 61 = 5*b. Suppose 4*z - 3*g + 19 = -z, 2*z + 2 = 4*g. Let q = z - -28. Calculate the remainder when q is divided by n.
11
Let y be -4 + (-19)/(-3)*3. Suppose 4*f - y = f. Calculate the remainder when 17 is divided by f.
2
Suppose -1 = -f + 13. Calculate the remainder when 53 is divided by f.
11
Suppose 0 = x - l - 2*l - 7, 4*x - 4*l - 52 = 0. Suppose x = -0*t + 2*t. Calculate the remainder when t is divided by 5.
3
Let l(n) = n**2 - n + 1. Let d(x) = -4*x**2 + 4*x - 6. Let q(k) = -d(k) - 3*l(k). Let f be q(6). Calculate the remainder when 20 is divided by (1 - 0)/(3/f).
9
Let s(r) = -3*r**3 - 24*r**2 - 22*r - 18. Let f(g) = g**3 + 8*g**2 + 7*g + 6. Let x(q) = 7*f(q) + 2*s(q). What is the remainder when 39 is divided by x(-7)?
19
Let b be (-2)/6 - 20/(-6). Suppose b*k = -2*k - 5. Calculate the remainder when 6 is divided by (-2)/((k - -3)/(-4)).
2
Let q(p) = -p**2 - 4*p - 2. Let s be q(-4). Calculate the remainder when 2 is divided by ((-8)/(-10))/(s/(-5)).
0
Let m = 19 + 5. Suppose -6*u = -4*u - m. Let a = u + 11. Calculate the remainder when a is divided by 6.
5
Let y = 44 + 25. What is the remainder when y is divided by 18?
15
Suppose 2*r = 3*r + f - 6, -5*f - 30 = -5*r. What is the remainder when r is divided by 2?
0
Let q(m) = 30*m + 1. Let b = 5 - 4. What is the remainder when q(b) is divided by 11?
9
Let z = 28 - 0. What is the remainder when z is divided by 10?
8
Let o(c) = 2 + 2 - 5 + 7*c - 2*c. Calculate the remainder when o(3) is divided by 8.
6
Suppose 3*g = -0*g - 3*f + 105, 4*g - f - 160 = 0. Calculate the remainder when g is divided by 10.
9
Let r(u) = u**2 + 2*u + 66. Calculate the remainder when r(0) is divided by 23.
20
Let c be 2/(-4)*6 + 8. Suppose 2*q = 2*a + 7 + 3, -c*a = q + 13. Suppose 0 = q*m + 5*x - 71, x + 3*x + 161 = 5*m. What is the remainder when m is divided by 17?
16
Let z be 1/(5/(-2))*-10. Calculate the remainder when 42 + (4/2 - z) is divided by (-6)/21 + (-400)/(-28).
12
What is the remainder when 25 is divided by ((-90)/75)/(2/(-15))?
7
Suppose -19 = -2*f - 3*s, f - 3*s - 10 = 4. Calculate the remainder when 20 is divided by f.
9
What is the remainder when 46 is divided by (-4 + 22/5)*40?
14
Let c(u) = 6*u**2 - 3*u + 4. Let y be c(3). Calculate the remainder when 33 is divided by (y - -2)/(-3)*-1.
16
Let g(n) = n**2 + 5*n - 10. Calculate the remainder when 5 is divided by g(-7).
1
Let v(g) = -g**2 - 13*g + 1. Let i(c) = 61*c + 11. Let a be i(10). Calculate the remainder when v(-9) is divided by a/33 + (-2)/(-11).
18
Suppose -4*r = -26 - 18. Suppose v - 3*a = 12, 4*a + 9 = a. Suppose 3*q = -3*z + 63, -83 = -4*z - 0*q - v*q. What is the remainder when z is divided by r?
9
What is the remainder when 7 is divided by 2/(-2) - -2*6/4?
1
Suppose 3*q - 2*q + 3*l = 19, l + 27 = 3*q. Suppose -97 = -4*